94606883 composite?
True
Is 7578105061 prime?
True
Is 12646024709 composite?
True
Is 13419502679 a composite number?
True
Is 5801244181 a prime number?
True
Is 7873667423 a composite number?
False
Is 40696207501 prime?
True
Is 34923816505 a prime number?
False
Is 791104817 prime?
False
Is 122010531193 a composite number?
True
Is 6824636813 a prime number?
True
Is 25822492897 composite?
False
Is 46945708973 a prime number?
True
Is 17790824791 a composite number?
False
Is 1882080821 a composite number?
False
Is 18073605577 a prime number?
True
Is 289629541 prime?
True
Is 325480789 a composite number?
False
Is 283639506239 prime?
True
Is 2508227017 prime?
True
Is 5239410887 a composite number?
False
Is 5943491857 a composite number?
True
Is 5000426089 a composite number?
True
Is 1033880389 a composite number?
True
Is 392319699 prime?
False
Is 5255316883 a prime number?
True
Is 20332222249 a composite number?
True
Is 151482473 composite?
False
Is 37309889819 a prime number?
False
Is 19650877789 composite?
True
Is 5049041617 composite?
False
Is 650844407 composite?
False
Is 3224832419 composite?
False
Is 2752080959 a prime number?
True
Is 13150009 prime?
True
Is 21743574799 a prime number?
False
Is 6067639771 a prime number?
False
Is 8495517629 composite?
False
Is 462367991 a prime number?
False
Is 12097068359 prime?
True
Is 8049602711 a composite number?
False
Is 15063787 a prime number?
False
Is 2008409881 composite?
False
Is 5882261065 prime?
False
Is 936671857 composite?
True
Is 7875830311 composite?
True
Is 17254188803 a prime number?
False
Is 2356619159 prime?
True
Is 1723827067 composite?
True
Is 6076324157 a prime number?
True
Is 1675804243 a composite number?
True
Is 1487552369 prime?
True
Is 38937505129 prime?
False
Is 22258052678 composite?
True
Is 740846941 a prime number?
False
Is 57111252881 prime?
True
Is 60017765 composite?
True
Is 22142623331 composite?
False
Is 895711157 prime?
False
Is 41767856131 a prime number?
True
Is 700555559 a composite number?
True
Is 1110766093 composite?
False
Is 5160208099 prime?
False
Is 14695589 a composite number?
True
Is 121829595299 a composite number?
False
Is 94943833 a composite number?
False
Is 227645557 a composite number?
False
Is 532033937 prime?
False
Is 37166986 composite?
True
Is 4012211845 composite?
True
Is 1576293001 a composite number?
True
Is 1152272467 a prime number?
True
Is 48256034543 composite?
False
Is 13315529407 composite?
False
Is 82043827 a prime number?
False
Is 1101363217 a prime number?
True
Is 20102719367 a prime number?
True
Is 22666993577 a composite number?
True
Is 7266267557 prime?
False
Is 2891533847 a prime number?
True
Is 116283301 a prime number?
False
Is 139991074903 prime?
True
Is 49712523607 a composite number?
False
Is 4594899187 composite?
True
Is 152113649 prime?
False
Is 30832791721 prime?
True
Is 3324338855 prime?
False
Is 14937162487 composite?
True
Is 2188750433 a prime number?
True
Is 34583550431 prime?
False
Is 235701817 a prime number?
False
Is 16300208047 composite?
True
Is 25480176257 a composite number?
True
Is 3007267031 a composite number?
False
Is 1872434831 prime?
True
Is 5023090547 composite?
False
Is 55856434649 prime?
True
Is 6946581685 a composite number?
True
Is 69216253 a composite number?
False
Is 16617162781 prime?
False
Is 2490439909 prime?
True
Is 969705077 composite?
True
Is 5034608485 prime?
False
Is 107216734661 prime?
False
Is 53734864109 a prime number?
False
Is 3109332617 composite?
False
Is 237890363 prime?
True
Is 2803192307 composite?
False
Is 102550534249 a composite number?
True
Is 1238152469 a prime number?
True
Is 46837684001 a composite number?
False
Is 140393264119 a composite number?
False
Is 11105217917 a composite number?
True
Is 2182884883 a prime number?
True
Is 2083630111 prime?
False
Is 633691001 a prime number?
True
Is 3802481911 composite?
False
Is 50321506021 prime?
False
Is 9321486077 a composite number?
True
Is 4332079691 prime?
True
Is 1267307263 a composite number?
False
Is 10918657 composite?
False
Is 582429071 a composite number?
True
Is 1210229663 composite?
True
Is 3089264627 prime?
True
Is 1252192037 a prime number?
True
Is 245019591821 a prime number?
True
Is 11564590243 composite?
False
Is 1785097121 a composite number?
True
Is 64653964797 a prime number?
False
Is 978189247 a prime number?
False
Is 7533328861 a prime number?
True
Is 105537126941 a composite number?
True
Is 17902600699 composite?
False
Is 242389787 composite?
True
Is 989408633 prime?
False
Is 22276476941 a prime number?
False
Is 607120001 composite?
True
Is 26483469121 a composite number?
False
Is 10784633 prime?
False
Is 33294608393 composite?
True
Is 175155083 composite?
True
Is 54354949651 prime?
True
Is 743913197 composite?
False
Is 16246217381 a prime number?
True
Is 6736477717 a prime number?
True
Is 18816667 a prime number?
True
Is 18262956281 composite?
True
Is 63591828901 a prime number?
True
Is 20921732831 composite?
True
Is 23316835621 a composite number?
False
Is 99966678269 a prime number?
True
Is 9773083519 prime?
False
Is 7796325091 prime?
False
Is 743581141 a composite number?
True
Is 1875501363 prime?
False
Is 3772872029 a composite number?
True
Is 61536325289 a prime number?
True
Is 41857572671 a prime number?
True
Is 541071922 prime?
False
Is 7017050969 prime?
True
Is 1570633189 a prime number?
True
Is 12936580091 a prime number?
True
Is 20409978461 a composite number?
False
Is 35856436559 prime?
True
Is 292299583379 composite?
False
Is 6296121179 a prime number?
False
Is 169601737 prime?
True
Is 715098361 prime?
True
Is 461867741 a prime number?
False
Is 103123180483 composite?
True
Is 33832392049 a prime number?
True
Is 2940137263 composite?
True
Is 11242912819 a composite number?
False
Is 46454428561 prime?
True
Is 1653103318 prime?
False
Is 4158370927 a prime number?
True
Is 7229466029 a composite number?
False
Is 2869095439 a prime number?
False
Is 4284814213 prime?
False
Is 20076541801 prime?
True
Is 21799139107 a prime number?
True
Is 23186377793 prime?
True
Is 630314897 a prime number?
False
Is 3431140691 prime?
False
Is 9121476451 prime?
False
Is 340500217 a composite number?
False
Is 81452051899 a composite number?
True
Is 46308613279 a composite number?
False
Is 5276298389 prime?
True
Is 29060722697 a composite number?
False
Is 197800190651 composite?
True
Is 23523596611 prime?
True
Is 7369318057 prime?
False
Is 355334461 prime?
True
Is 2188720943 prime?
True
Is 6591632107 a composite number?
False
Is 583530229 prime?
False
Is 1458403511 prime?
True
Is 6271196479 a prime number?
True
Is 1267476121 composite?
False
Is 15082892749 a prime number?
True
Is 11277205307 a composite number?
True
Is 4435146433 composite?
False
Is 87996331 prime?
False
Is 5933269891 prime?
True
Is 37727248721 a composite number?
True
Is 380239819 prime?
True
Is 149539541 prime?
True
Is 11791950991 prime?
True
Is 716890747 a prime number?
True
Is 2797645247 prime?
False
Is 391684739 composite?
True
Is 160522003 composite?
False
Is 37279478827 prime?
False
Is 1950629923 prime?
False
Is 551794387 a prime number?
True
Is 1396041077 prime?
False
Is 2205250717 a composite number?
False
Is 5667156293 a composite number?
False
Is 9135267055 a prime number?
False
Is 7695039679 a composite number?
True
Is 72902213893 composite?
False
Is 2964977291 a prime number?
True
Is 950831279 a prime number?
True
Is 8197741 prime?
True
Is 113799699971 prime?
True
Is 3620968709 a prime number?
False
Is 2792024057 a prime number?
False
Is 2109933421 prime?
True
Is 6879585787 prime?
False
Is 781355543 a prime number?
True
Is 142787745577 a composite number?
False
Is 15604442653 a composite number?
True
Is 1314812987 a composite number?
False
Is 1408296427 composite?
True
Is 626730757 prime?
False
Is 889639297 a prime number?
True
Is 45697598533 prime?
False
Is 3476043413 composite?
False
Is 1369914173 a composite number?
False
Is 55583971 a prime number?
False
Is 98853611419 composite?
False
Is 4360411093 a composite number?
True
Is 52198915805 a composite number?
True
Is 13867699709 a composite number?
False
Is 827123001 a prime number?
False
Is 3584583667 composite?
True
Is 939617867 a composite number?
True
Is 26572471789 prime?
False
Is 176636